p*o = -3*o - 33. Calculate the greatest common factor of o and 77.
11
Let z(m) = 3*m**2 - 4*m - 1. Let w(x) = 4*x**2 - 5*x - 2. Let u(y) = 4*w(y) - 5*z(y). Let h be u(4). Calculate the highest common factor of h and 117.
13
Suppose 49 = 6*k - 11. Calculate the greatest common divisor of k and 70.
10
Suppose -3*i + 3*n + 21 = 0, i + i - n - 14 = 0. What is the highest common factor of 7 and i?
7
Let l = -3 + 18. Let z(d) = d**2 - 13*d - 8. Let y be z(14). What is the greatest common divisor of y and l?
3
Let r(b) = -b + 6. Let k be r(2). What is the highest common factor of k and 36?
4
Let m(z) = z**3 - 8*z**3 - z**3 + z. Let g be m(-1). Calculate the highest common divisor of g and 7.
7
Let q be (7 + -3 - 4)/3 + 77. Calculate the highest common divisor of q and 11.
11
Let b be -4 + 7 + -3 - -96. Suppose -2*f - t + 23 = -6, 2*t + 2 = f. Calculate the highest common factor of f and b.
12
Let s be -29 + 0 + 5 + -6. Let q = -10 - s. What is the highest common factor of q and 30?
10
Suppose -3*i - 4*w - 18 + 5 = 0, -i - 5*w = 8. Let r(b) = -b**3 + b**2 - 2*b. Let y be r(i). Calculate the greatest common divisor of 6 and y.
6
Let n be (-1 + -21)*1/2. Let g be 5/2*-2*n. Suppose g + 29 = 3*p. Calculate the highest common divisor of p and 14.
14
Suppose -3 = -d + 3*j, d - 7 = -5*j + 4*j. Calculate the highest common factor of d and 4.
2
Let d = 15 + -6. Calculate the greatest common factor of 63 and d.
9
Suppose -g + 28 = -3*d, -6*d - 59 = -3*g - 2*d. Suppose -i = 4*i - 15. Let x(n) = 29*n + 4. Let f be x(i). What is the greatest common factor of f and g?
13
Let x(b) = -b**3 + 8*b**2 - 8*b - 2. Let i be x(6). What is the highest common divisor of i and 11?
11
Let f(n) = -6*n**3 - 2*n**2 - 2*n - 1. Let a be f(-1). Calculate the highest common divisor of 25 and a.
5
Let x be 253/9 + (-1)/9. What is the highest common factor of x and 56?
28
Let m be (-87 - 1) + -1 + -1. Let c = m - -126. Suppose -c = -3*d - d. Calculate the highest common divisor of 18 and d.
9
Let p be (-9)/21 + 1026/42. Calculate the highest common divisor of 8 and p.
8
Suppose l = i - 27, -4*l + 10 = i - 2. What is the highest common divisor of 12 and i?
12
Let h be (-1490)/12 - (-2)/12. Let g = h - -180. What is the highest common divisor of 7 and g?
7
Let m(z) = -7*z - 6. Let j be m(-4). Let o be (-15)/(-6)*(1 - -1). Suppose -26 + 191 = o*u. Calculate the greatest common factor of j and u.
11
Let b = 50 - 34. Let g be 40/b*8/10. What is the highest common divisor of g and 22?
2
Let z(i) = 4 - 6 + 11*i + 2*i**2 + 9. Let w be z(-7). Let o = 58 - w. What is the greatest common factor of o and 20?
10
Suppose 0 = -3*s + 2*s + 2. Suppose 3*j - 22 = -z - 0*j, -2*j - 12 = -s*z. What is the greatest common divisor of 110 and z?
10
Let b be 1*-2*726/(-12). Let h = -27 + b. Let w = h - 34. Calculate the greatest common divisor of w and 20.
20
Suppose -s - 3 = -65. Calculate the greatest common divisor of s and 93.
31
Let u(w) = w**2 - 3*w + 4. Let h be u(3). Suppose 3*z - 40 = z. What is the greatest common divisor of h and z?
4
Suppose 234 = 14*n - 12*n. What is the highest common factor of 13 and n?
13
Let y(d) = -d**2 + 17*d - 9. Let a be y(8). Calculate the greatest common factor of a and 7.
7
Let y = 26 - 17. Suppose 2*a + 2*a = 8. Suppose -a + 20 = r. What is the highest common divisor of y and r?
9
Suppose 0*p = -5*p + 550. What is the greatest common divisor of p and 20?
10
Let d be -3 + ((-29)/(-1) - -4). What is the greatest common divisor of d and 10?
10
Let x be -1*3*4*8/(-3). Calculate the greatest common divisor of x and 80.
16
Let w = 1 + 1. Let a(x) = 3*x**3 - x**2 + x - 1. Let c be (1/(-3))/(3/(-9)). Let n be a(c). Calculate the highest common factor of w and n.
2
Let r = 26 - 16. Let d(y) be the third derivative of 31*y**4/24 - y**3/3 + 2*y**2. Let q be d(2). What is the greatest common factor of r and q?
10
Let x = -3 + 3. Suppose -c = -x*c. Suppose c*n + 20 = n + o, o - 40 = -2*n. Calculate the greatest common divisor of n and 4.
4
Suppose 17*u - 1558 + 62 = 0. What is the greatest common factor of u and 8?
8
Let f be 80/(-12)*6/(-4). Calculate the greatest common factor of f and 90.
10
Suppose -2*k + 6 = -k. Suppose -3*p = -0 - k. Suppose 2*t + w - 4 = 0, -p*w - 11 = -t - 4. Calculate the highest common divisor of 15 and t.
3
Let g = 237 + 102. Suppose -3*s + g = k + 4*k, 321 = 5*k - 3*s. Calculate the greatest common factor of 6 and k.
6
Let b(a) = -a**2 + 6*a + 6. Let w be b(6). Suppose 3*y + 11 = 4*y - 5*q, 2 = -2*q. Calculate the highest common divisor of w and y.
6
Suppose -h + 12 + 1 = 0. Calculate the greatest common divisor of 117 and h.
13
Suppose 0 = 5*a - a - 120. Let n be a*(18/10 + -1). Let v = 5 + -1. What is the highest common divisor of n and v?
4
Let n = -5 - -9. Let r(c) be the second derivative of c**3/6 - 3*c**2 - 2*c. Let j be r(8). What is the highest common divisor of n and j?
2
Let z = 37 - 13. Calculate the greatest common factor of z and 3.
3
Suppose 3*j + 5*k = 0, -k - 8 = j - 2*j. Suppose j*b - 33 = 62. What is the highest common factor of 76 and b?
19
Suppose 55 = 53*q - 48*q. Calculate the highest common divisor of q and 44.
11
Let v be -10*(-1 - 5/(-2)). Let q = 28 + v. What is the greatest common divisor of q and 117?
13
Let o = 4 + 18. Let r(x) = -x - 5. Let c be r(-11). Let p be (6/4)/(c/44). Calculate the greatest common divisor of o and p.
11
Suppose 3*y + 28 = 160. What is the greatest common divisor of 11 and y?
11
Let w(h) = -h**2 + 9*h - 4. Let g be w(8). Suppose 0*s + 2*s + 148 = 4*b, 3*b + 4*s - 100 = 0. What is the greatest common factor of b and g?
4
Suppose -15*w - 3*w = -864. Calculate the greatest common divisor of 3 and w.
3
Let m(w) = 7*w + 8. Let b be m(4). Suppose -3*j + 2*j = -3*h + 3, 3*j - 2*h = 19. What is the highest common divisor of j and b?
9
Suppose 0 = -v - v + 70. Suppose 0 = -x - l - 0 + 9, 5*x + 3*l = v. Suppose -3*w = 41 - 161. Calculate the greatest common factor of w and x.
4
Suppose 7*k - 2*k - 90 = 0. Calculate the greatest common factor of k and 72.
18
Suppose 3*b = 4*t - 571 - 191, b + 574 = 3*t. Suppose -v = -2*v + 24. Calculate the greatest common divisor of t and v.
24
Suppose 4*r - 12 = -8. Let n be (-2)/(-2 + r) - -8. Let f be ((-4)/n)/((-1)/15). Calculate the highest common factor of 36 and f.
6
Let t = 2 + -2. Suppose t = -v + 6*v - 80. Let d be 22 - (-4)/(-6)*-3. What is the greatest common factor of d and v?
8
Let r be (-2 - 3 - -3) + 5. Calculate the greatest common divisor of 24 and r.
3
Let t = -24 + 27. Suppose -6 = -4*f - 2*c + 10, c = 2*f. Let y = f - -25. Calculate the highest common factor of t and y.
3
Let w be (-143)/(-1 - 0/3). What is the highest common divisor of w and 13?
13
Let l = -2 + 4. Let w = -1 + 3. Suppose -4*m + 4*b + 4 = -l*m, -b + 24 = w*m. What is the greatest common factor of 25 and m?
5
Suppose -4*p + 44 = -2*p. Calculate the highest common divisor of 22 and p.
22
Let w be (81/(-12))/(1/(-12)). Suppose p = 3*m - 131, 0*p + 3*p - 237 = -5*m. Suppose m = -0*j + 5*j. What is the highest common divisor of w and j?
9
Suppose -55 = -4*t - 11. Calculate the greatest common factor of t and 77.
11
Let z(g) = 30*g**2 + g. Let a be z(1). Suppose -4 - a = -5*f. What is the greatest common divisor of 35 and f?
7
Suppose 5*l + 25 = 5*t, 4*t = -5*l - 2 + 4. Suppose t*v - 34 - 14 = 0. Let x be v + (6/3 - 3). Calculate the greatest common factor of x and 45.
15
Suppose 0 = -2*q + 5*j + 23, -4*j - 55 = -4*q - 3*j. Let o = -3 - -45. Calculate the greatest common divisor of o and q.
14
Suppose 3*x = 3*r + 24, 5*x - 9 = -2*r + 24. What is the highest common factor of 7 and x?
7
Let r be (4/8)/((-1)/(-2)). Calculate the highest common divisor of r and 2.
1
Let v be (-32)/(-10) - 1/5. Let r be 236/13 + 20/(-130). Calculate the greatest common divisor of v and r.
3
Suppose 6*c - 2*c - 88 = 0. Let r be 1/(3/(1*-3)). Let l = 10 - r. What is the highest common divisor of l and c?
11
Let t = 70 + -42. Calculate the highest common divisor of 70 and t.
14
Let v = -9 + 12. Suppose v*q = 30 + 9. Let r be (-26 - 0)*2/(-4). Calculate the greatest common divisor of r and q.
13
Suppose 2*u = 5*l - l - 82, 5*u + 25 = 0. Calculate the highest common divisor of l and 12.
6
Suppose 0 = 4*a + a - 10. Su